{"id":3536,"date":"2024-09-19T15:16:17","date_gmt":"2024-09-19T15:16:17","guid":{"rendered":"https:\/\/www.comprarpollastreecologic.com\/faq-items\/perque-la-carn-del-pollastre-ecologic-debosc-es-diferent-a-la-carn-daltres-pollastres-ecologics\/"},"modified":"2024-10-29T09:27:40","modified_gmt":"2024-10-29T09:27:40","slug":"porque-es-diferente","status":"publish","type":"avada_faq","link":"https:\/\/www.comprarpollastreecologic.com\/es\/faq-items\/porque-es-diferente\/","title":{"rendered":"\u00bfPor qu\u00e9 la carne de pollo ecol\u00f3gico Debosc es diferente a la carne de otros pollos ecol\u00f3gicos?"},"content":{"rendered":"<p><span style=\"vertical-align: inherit;\"><span style=\"vertical-align: inherit;\">Los pollos ecol\u00f3gicos <\/span><\/span><strong><span style=\"vertical-align: inherit;\"><span style=\"vertical-align: inherit;\">Debosc<\/span><\/span><\/strong><span style=\"vertical-align: inherit;\"><span style=\"vertical-align: inherit;\"> est\u00e1n criados en el bosque con libertad las 24 horas del d\u00eda.<\/span><\/span><\/p>\n<p><span style=\"vertical-align: inherit;\"><span style=\"vertical-align: inherit;\">Los pollos ecol\u00f3gicos <\/span><\/span><strong><span style=\"vertical-align: inherit;\"><span style=\"vertical-align: inherit;\">Debosc<\/span><\/span><\/strong><span style=\"vertical-align: inherit;\"><span style=\"vertical-align: inherit;\"> viven al aire libre desde que son peque\u00f1os. En verano, a partir de los 15 d\u00edas de vida ya salen a pastar.<\/span><\/span><\/p>\n<p><span style=\"vertical-align: inherit;\"><span style=\"vertical-align: inherit;\">La carne de pollo Ecol\u00f3gico <\/span><\/span><strong><span style=\"vertical-align: inherit;\"><span style=\"vertical-align: inherit;\">Debosc<\/span><\/span><\/strong><span style=\"vertical-align: inherit;\"><span style=\"vertical-align: inherit;\"> est\u00e1 libre de residuos para que nunca los mediquemos. Para su bienestar solo utilizamos plantas medicinales de cultivo propio, ecol\u00f3gico y de recolecci\u00f3n silvestre.<\/span><\/span><\/p>\n<p><span style=\"vertical-align: inherit;\"><span style=\"vertical-align: inherit;\">La carne de los pollos ecol\u00f3gicos <\/span><\/span><strong><span style=\"vertical-align: inherit;\"><span style=\"vertical-align: inherit;\">Debosc<\/span><\/span><\/strong><span style=\"vertical-align: inherit;\"><span style=\"vertical-align: inherit;\"> es tierna y sabrosa. Y tiene la grasa perfectamente infiltrada, de tal modo que resulta gustosa y melosa.<\/span><\/span><\/p>\n<p><span style=\"vertical-align: inherit;\"><span style=\"vertical-align: inherit;\">Los pollos ecol\u00f3gicos <\/span><\/span><strong><span style=\"vertical-align: inherit;\"><span style=\"vertical-align: inherit;\">Debosc<\/span><\/span><\/strong><span style=\"vertical-align: inherit;\"><span style=\"vertical-align: inherit;\"> van mucho m\u00e1s all\u00e1 \u2014en cuanto a bienestar animal y calidad\u2014 de lo que la normativa de cr\u00eda de pollos ecol\u00f3gicos exige.<\/span><\/span><\/p>\n","protected":false},"excerpt":{"rendered":"<p>Los pollos ecol\u00f3gicos Debosc est\u00e1n criados en el bosque con libertad las 24 horas del d\u00eda. Los pollos ecol\u00f3gicos Debosc [&hellip;]<\/p>\n","protected":false},"author":1,"featured_media":0,"menu_order":0,"comment_status":"open","ping_status":"closed","template":"","format":"standard","meta":{"footnotes":""},"faq_category":[],"class_list":["post-3536","avada_faq","type-avada_faq","status-publish","format-standard","hentry"],"yoast_head":"<!-- This site is optimized with the Yoast SEO plugin v25.0 - https:\/\/yoast.com\/wordpress\/plugins\/seo\/ -->\n<title>\u00bfPor qu\u00e9 la carne de pollo ecol\u00f3gico Debosc es diferente a la carne de otros pollos ecol\u00f3gicos? - Debosc - Agroecologia conscient<\/title>\n<meta name=\"robots\" content=\"index, follow, max-snippet:-1, max-image-preview:large, max-video-preview:-1\" \/>\n<link rel=\"canonical\" href=\"https:\/\/www.comprarpollastreecologic.com\/faq-items\/perque-la-carn-del-pollastre-ecologic-debosc-es-diferent-a-la-carn-daltres-pollastres-ecologics\/\" \/>\n<meta property=\"og:locale\" content=\"es_ES\" \/>\n<meta property=\"og:type\" content=\"article\" \/>\n<meta property=\"og:title\" content=\"\u00bfPor qu\u00e9 la carne de pollo ecol\u00f3gico Debosc es diferente a la carne de otros pollos ecol\u00f3gicos? - Debosc - Agroecologia conscient\" \/>\n<meta property=\"og:description\" content=\"Los pollos ecol\u00f3gicos Debosc est\u00e1n criados en el bosque con libertad las 24 horas del d\u00eda. Los pollos ecol\u00f3gicos Debosc [&hellip;]\" \/>\n<meta property=\"og:url\" content=\"https:\/\/www.comprarpollastreecologic.com\/faq-items\/perque-la-carn-del-pollastre-ecologic-debosc-es-diferent-a-la-carn-daltres-pollastres-ecologics\/\" \/>\n<meta property=\"og:site_name\" content=\"Debosc - Agroecologia conscient\" \/>\n<meta property=\"article:modified_time\" content=\"2024-10-29T09:27:40+00:00\" \/>\n<meta name=\"twitter:card\" content=\"summary_large_image\" \/>\n<meta name=\"twitter:label1\" content=\"Tiempo de lectura\" \/>\n\t<meta name=\"twitter:data1\" content=\"1 minuto\" \/>\n<script type=\"application\/ld+json\" class=\"yoast-schema-graph\">{\"@context\":\"https:\/\/schema.org\",\"@graph\":[{\"@type\":\"WebPage\",\"@id\":\"https:\/\/www.comprarpollastreecologic.com\/faq-items\/perque-la-carn-del-pollastre-ecologic-debosc-es-diferent-a-la-carn-daltres-pollastres-ecologics\/\",\"url\":\"https:\/\/www.comprarpollastreecologic.com\/faq-items\/perque-la-carn-del-pollastre-ecologic-debosc-es-diferent-a-la-carn-daltres-pollastres-ecologics\/\",\"name\":\"\u00bfPor qu\u00e9 la carne de pollo ecol\u00f3gico Debosc es diferente a la carne de otros pollos ecol\u00f3gicos? - Debosc - Agroecologia conscient\",\"isPartOf\":{\"@id\":\"https:\/\/www.comprarpollastreecologic.com\/#website\"},\"datePublished\":\"2024-09-19T15:16:17+00:00\",\"dateModified\":\"2024-10-29T09:27:40+00:00\",\"breadcrumb\":{\"@id\":\"https:\/\/www.comprarpollastreecologic.com\/faq-items\/perque-la-carn-del-pollastre-ecologic-debosc-es-diferent-a-la-carn-daltres-pollastres-ecologics\/#breadcrumb\"},\"inLanguage\":\"es\",\"potentialAction\":[{\"@type\":\"ReadAction\",\"target\":[\"https:\/\/www.comprarpollastreecologic.com\/faq-items\/perque-la-carn-del-pollastre-ecologic-debosc-es-diferent-a-la-carn-daltres-pollastres-ecologics\/\"]}]},{\"@type\":\"BreadcrumbList\",\"@id\":\"https:\/\/www.comprarpollastreecologic.com\/faq-items\/perque-la-carn-del-pollastre-ecologic-debosc-es-diferent-a-la-carn-daltres-pollastres-ecologics\/#breadcrumb\",\"itemListElement\":[{\"@type\":\"ListItem\",\"position\":1,\"name\":\"Inici\",\"item\":\"https:\/\/www.comprarpollastreecologic.com\/es\/home\/\"},{\"@type\":\"ListItem\",\"position\":2,\"name\":\"FAQs\",\"item\":\"https:\/\/www.comprarpollastreecologic.com\/faq-items\/\"},{\"@type\":\"ListItem\",\"position\":3,\"name\":\"\u00bfPor qu\u00e9 la carne de pollo ecol\u00f3gico Debosc es diferente a la carne de otros pollos ecol\u00f3gicos?\"}]},{\"@type\":\"WebSite\",\"@id\":\"https:\/\/www.comprarpollastreecologic.com\/#website\",\"url\":\"https:\/\/www.comprarpollastreecologic.com\/\",\"name\":\"Debosc - Agroecologia conscient\",\"description\":\"Pollastres ecol\u00f2gics criats dins del bosc\",\"potentialAction\":[{\"@type\":\"SearchAction\",\"target\":{\"@type\":\"EntryPoint\",\"urlTemplate\":\"https:\/\/www.comprarpollastreecologic.com\/?s={search_term_string}\"},\"query-input\":{\"@type\":\"PropertyValueSpecification\",\"valueRequired\":true,\"valueName\":\"search_term_string\"}}],\"inLanguage\":\"es\"}]}<\/script>\n<!-- \/ Yoast SEO plugin. -->","yoast_head_json":{"title":"\u00bfPor qu\u00e9 la carne de pollo ecol\u00f3gico Debosc es diferente a la carne de otros pollos ecol\u00f3gicos? - Debosc - Agroecologia conscient","robots":{"index":"index","follow":"follow","max-snippet":"max-snippet:-1","max-image-preview":"max-image-preview:large","max-video-preview":"max-video-preview:-1"},"canonical":"https:\/\/www.comprarpollastreecologic.com\/faq-items\/perque-la-carn-del-pollastre-ecologic-debosc-es-diferent-a-la-carn-daltres-pollastres-ecologics\/","og_locale":"es_ES","og_type":"article","og_title":"\u00bfPor qu\u00e9 la carne de pollo ecol\u00f3gico Debosc es diferente a la carne de otros pollos ecol\u00f3gicos? - Debosc - Agroecologia conscient","og_description":"Los pollos ecol\u00f3gicos Debosc est\u00e1n criados en el bosque con libertad las 24 horas del d\u00eda. Los pollos ecol\u00f3gicos Debosc [&hellip;]","og_url":"https:\/\/www.comprarpollastreecologic.com\/faq-items\/perque-la-carn-del-pollastre-ecologic-debosc-es-diferent-a-la-carn-daltres-pollastres-ecologics\/","og_site_name":"Debosc - Agroecologia conscient","article_modified_time":"2024-10-29T09:27:40+00:00","twitter_card":"summary_large_image","twitter_misc":{"Tiempo de lectura":"1 minuto"},"schema":{"@context":"https:\/\/schema.org","@graph":[{"@type":"WebPage","@id":"https:\/\/www.comprarpollastreecologic.com\/faq-items\/perque-la-carn-del-pollastre-ecologic-debosc-es-diferent-a-la-carn-daltres-pollastres-ecologics\/","url":"https:\/\/www.comprarpollastreecologic.com\/faq-items\/perque-la-carn-del-pollastre-ecologic-debosc-es-diferent-a-la-carn-daltres-pollastres-ecologics\/","name":"\u00bfPor qu\u00e9 la carne de pollo ecol\u00f3gico Debosc es diferente a la carne de otros pollos ecol\u00f3gicos? - Debosc - Agroecologia conscient","isPartOf":{"@id":"https:\/\/www.comprarpollastreecologic.com\/#website"},"datePublished":"2024-09-19T15:16:17+00:00","dateModified":"2024-10-29T09:27:40+00:00","breadcrumb":{"@id":"https:\/\/www.comprarpollastreecologic.com\/faq-items\/perque-la-carn-del-pollastre-ecologic-debosc-es-diferent-a-la-carn-daltres-pollastres-ecologics\/#breadcrumb"},"inLanguage":"es","potentialAction":[{"@type":"ReadAction","target":["https:\/\/www.comprarpollastreecologic.com\/faq-items\/perque-la-carn-del-pollastre-ecologic-debosc-es-diferent-a-la-carn-daltres-pollastres-ecologics\/"]}]},{"@type":"BreadcrumbList","@id":"https:\/\/www.comprarpollastreecologic.com\/faq-items\/perque-la-carn-del-pollastre-ecologic-debosc-es-diferent-a-la-carn-daltres-pollastres-ecologics\/#breadcrumb","itemListElement":[{"@type":"ListItem","position":1,"name":"Inici","item":"https:\/\/www.comprarpollastreecologic.com\/es\/home\/"},{"@type":"ListItem","position":2,"name":"FAQs","item":"https:\/\/www.comprarpollastreecologic.com\/faq-items\/"},{"@type":"ListItem","position":3,"name":"\u00bfPor qu\u00e9 la carne de pollo ecol\u00f3gico Debosc es diferente a la carne de otros pollos ecol\u00f3gicos?"}]},{"@type":"WebSite","@id":"https:\/\/www.comprarpollastreecologic.com\/#website","url":"https:\/\/www.comprarpollastreecologic.com\/","name":"Debosc - Agroecologia conscient","description":"Pollastres ecol\u00f2gics criats dins del bosc","potentialAction":[{"@type":"SearchAction","target":{"@type":"EntryPoint","urlTemplate":"https:\/\/www.comprarpollastreecologic.com\/?s={search_term_string}"},"query-input":{"@type":"PropertyValueSpecification","valueRequired":true,"valueName":"search_term_string"}}],"inLanguage":"es"}]}},"_links":{"self":[{"href":"https:\/\/www.comprarpollastreecologic.com\/es\/wp-json\/wp\/v2\/avada_faq\/3536","targetHints":{"allow":["GET"]}}],"collection":[{"href":"https:\/\/www.comprarpollastreecologic.com\/es\/wp-json\/wp\/v2\/avada_faq"}],"about":[{"href":"https:\/\/www.comprarpollastreecologic.com\/es\/wp-json\/wp\/v2\/types\/avada_faq"}],"author":[{"embeddable":true,"href":"https:\/\/www.comprarpollastreecologic.com\/es\/wp-json\/wp\/v2\/users\/1"}],"replies":[{"embeddable":true,"href":"https:\/\/www.comprarpollastreecologic.com\/es\/wp-json\/wp\/v2\/comments?post=3536"}],"version-history":[{"count":3,"href":"https:\/\/www.comprarpollastreecologic.com\/es\/wp-json\/wp\/v2\/avada_faq\/3536\/revisions"}],"predecessor-version":[{"id":3573,"href":"https:\/\/www.comprarpollastreecologic.com\/es\/wp-json\/wp\/v2\/avada_faq\/3536\/revisions\/3573"}],"wp:attachment":[{"href":"https:\/\/www.comprarpollastreecologic.com\/es\/wp-json\/wp\/v2\/media?parent=3536"}],"wp:term":[{"taxonomy":"faq_category","embeddable":true,"href":"https:\/\/www.comprarpollastreecologic.com\/es\/wp-json\/wp\/v2\/faq_category?post=3536"}],"curies":[{"name":"wp","href":"https:\/\/api.w.org\/{rel}","templated":true}]}}

¿Por qué la carne de pollo ecológico Debosc es diferente a la carne de otros pollos ecológicos?

<p><span style="vertical-align: inherit;"><span style="vertical-align: inherit;">Los pollos ecológicos </span></span><strong><span style="vertical-align: inherit;"><span style="vertical-align: inherit;">Debosc</span></span></strong><span style="vertical-align: inherit;"><span style="vertical-align: inherit;"> están criados en el bosque con libertad las 24 horas del día.</span></span></p>
<p><span style="vertical-align: inherit;"><span style="vertical-align: inherit;">Los pollos ecológicos </span></span><strong><span style="vertical-align: inherit;"><span style="vertical-align: inherit;">Debosc</span></span></strong><span style="vertical-align: inherit;"><span style="vertical-align: inherit;"> viven al aire libre desde que son pequeños. En verano, a partir de los 15 días de vida ya salen a pastar.</span></span></p>
<p><span style="vertical-align: inherit;"><span style="vertical-align: inherit;">La carne de pollo Ecológico </span></span><strong><span style="vertical-align: inherit;"><span style="vertical-align: inherit;">Debosc</span></span></strong><span style="vertical-align: inherit;"><span style="vertical-align: inherit;"> está libre de residuos para que nunca los mediquemos. Para su bienestar solo utilizamos plantas medicinales de cultivo propio, ecológico y de recolección silvestre.</span></span></p>
<p><span style="vertical-align: inherit;"><span style="vertical-align: inherit;">La carne de los pollos ecológicos </span></span><strong><span style="vertical-align: inherit;"><span style="vertical-align: inherit;">Debosc</span></span></strong><span style="vertical-align: inherit;"><span style="vertical-align: inherit;"> es tierna y sabrosa. Y tiene la grasa perfectamente infiltrada, de tal modo que resulta gustosa y melosa.</span></span></p>
<p><span style="vertical-align: inherit;"><span style="vertical-align: inherit;">Los pollos ecológicos </span></span><strong><span style="vertical-align: inherit;"><span style="vertical-align: inherit;">Debosc</span></span></strong><span style="vertical-align: inherit;"><span style="vertical-align: inherit;"> van mucho más allá —en cuanto a bienestar animal y calidad— de lo que la normativa de cría de pollos ecológicos exige.</span></span></p>

<p>Los pollos ecológicos Debosc están criados en el bosque con libertad las 24 horas del día. Los pollos ecológicos Debosc [&hellip;]</p>

<!-- This site is optimized with the Yoast SEO plugin v25.0 - https://yoast.com/wordpress/plugins/seo/ -->
<title>¿Por qué la carne de pollo ecológico Debosc es diferente a la carne de otros pollos ecológicos? - Debosc - Agroecologia conscient</title>
<meta name="robots" content="index, follow, max-snippet:-1, max-image-preview:large, max-video-preview:-1" />
<link rel="canonical" href="https://www.comprarpollastreecologic.com/faq-items/perque-la-carn-del-pollastre-ecologic-debosc-es-diferent-a-la-carn-daltres-pollastres-ecologics/" />
<meta property="og:locale" content="es_ES" />
<meta property="og:type" content="article" />
<meta property="og:title" content="¿Por qué la carne de pollo ecológico Debosc es diferente a la carne de otros pollos ecológicos? - Debosc - Agroecologia conscient" />
<meta property="og:description" content="Los pollos ecológicos Debosc están criados en el bosque con libertad las 24 horas del día. Los pollos ecológicos Debosc [&hellip;]" />
<meta property="og:url" content="https://www.comprarpollastreecologic.com/faq-items/perque-la-carn-del-pollastre-ecologic-debosc-es-diferent-a-la-carn-daltres-pollastres-ecologics/" />
<meta property="og:site_name" content="Debosc - Agroecologia conscient" />
<meta property="article:modified_time" content="2024-10-29T09:27:40+00:00" />
<meta name="twitter:card" content="summary_large_image" />
<meta name="twitter:label1" content="Tiempo de lectura" />
	<meta name="twitter:data1" content="1 minuto" />
<script type="application/ld+json" class="yoast-schema-graph">{"@context":"https://schema.org","@graph":[{"@type":"WebPage","@id":"https://www.comprarpollastreecologic.com/faq-items/perque-la-carn-del-pollastre-ecologic-debosc-es-diferent-a-la-carn-daltres-pollastres-ecologics/","url":"https://www.comprarpollastreecologic.com/faq-items/perque-la-carn-del-pollastre-ecologic-debosc-es-diferent-a-la-carn-daltres-pollastres-ecologics/","name":"¿Por qué la carne de pollo ecológico Debosc es diferente a la carne de otros pollos ecológicos? - Debosc - Agroecologia conscient","isPartOf":{"@id":"https://www.comprarpollastreecologic.com/#website"},"datePublished":"2024-09-19T15:16:17+00:00","dateModified":"2024-10-29T09:27:40+00:00","breadcrumb":{"@id":"https://www.comprarpollastreecologic.com/faq-items/perque-la-carn-del-pollastre-ecologic-debosc-es-diferent-a-la-carn-daltres-pollastres-ecologics/#breadcrumb"},"inLanguage":"es","potentialAction":[{"@type":"ReadAction","target":["https://www.comprarpollastreecologic.com/faq-items/perque-la-carn-del-pollastre-ecologic-debosc-es-diferent-a-la-carn-daltres-pollastres-ecologics/"]}]},{"@type":"BreadcrumbList","@id":"https://www.comprarpollastreecologic.com/faq-items/perque-la-carn-del-pollastre-ecologic-debosc-es-diferent-a-la-carn-daltres-pollastres-ecologics/#breadcrumb","itemListElement":[{"@type":"ListItem","position":1,"name":"Inici","item":"https://www.comprarpollastreecologic.com/es/home/"},{"@type":"ListItem","position":2,"name":"FAQs","item":"https://www.comprarpollastreecologic.com/faq-items/"},{"@type":"ListItem","position":3,"name":"¿Por qué la carne de pollo ecológico Debosc es diferente a la carne de otros pollos ecológicos?"}]},{"@type":"WebSite","@id":"https://www.comprarpollastreecologic.com/#website","url":"https://www.comprarpollastreecologic.com/","name":"Debosc - Agroecologia conscient","description":"Pollastres ecològics criats dins del bosc","potentialAction":[{"@type":"SearchAction","target":{"@type":"EntryPoint","urlTemplate":"https://www.comprarpollastreecologic.com/?s={search_term_string}"},"query-input":{"@type":"PropertyValueSpecification","valueRequired":true,"valueName":"search_term_string"}}],"inLanguage":"es"}]}</script>
<!-- / Yoast SEO plugin. -->

¿Por qué la carne de pollo ecológico Debosc es diferente a la carne de otros pollos ecológicos? - Debosc - Agroecologia conscient

Los pollos ecológicos Debosc están criados en el bosque con libertad las 24 horas del día. Los pollos ecológicos Debosc [&hellip;]

Pollastres ecològics criats dins del bosc
